{"id":133,"date":"2024-04-30T15:16:05","date_gmt":"2024-04-30T13:16:05","guid":{"rendered":"https:\/\/wilbud.com\/?page_id=133"},"modified":"2024-05-07T17:20:00","modified_gmt":"2024-05-07T15:20:00","slug":"kontakt","status":"publish","type":"page","link":"https:\/\/wilbud.com\/?page_id=133","title":{"rendered":"KONTAKT"},"content":{"rendered":"\n<div data-aos-delay=\"500\" data-aos-duration=\"1000\" data-aos=\"fade-down-left\" class=\"wp-block-responsive-block-editor-addons-section alignfull responsive-block-editor-addons-block-section-outer-wrap block-ca0529ca-4f92-44c7-9f66-dc6d51381ef4 background-type-image alignfull\"><section class=\"responsive-section-wrap responsive-block-editor-addons-block-section overlay-type-color linear\"><div class=\"responsive-section-inner-wrap\">\n<h2 class=\"wp-block-heading has-text-align-center has-base-2-color has-text-color has-link-color has-barlow-font-family has-xx-large-font-size wp-elements-166a3723cd0250de3a5e74d31e5e7ce6\"><strong><strong>Wilbud<\/strong><\/strong><\/h2>\n\n\n\n<h1 class=\"wp-block-heading alignwide has-text-align-center has-base-2-color has-text-color has-link-color has-large-font-size wp-elements-44afb2c77749279e8aaa5c43ac14a985\">Materia\u0142y budowlane i opa\u0142owe<\/h1>\n\n\n\n<h1 class=\"wp-block-heading has-text-align-center has-base-2-color has-text-color has-link-color has-large-font-size wp-elements-9d834b486c193509f52fd9bd7e592d6a\">Tomasz Bachniak<\/h1>\n<\/div><\/section><\/div>\n\n\n\n<div class=\"wp-block-columns alignfull is-layout-flex wp-container-core-columns-is-layout-28f84493 wp-block-columns-is-layout-flex\">\n<div class=\"wp-block-column is-layout-flow wp-block-column-is-layout-flow\" style=\"padding-top:var(--wp--preset--spacing--20);padding-bottom:var(--wp--preset--spacing--20)\" data-aos=\"flip-left\" data-aos-delay=\"300\" data-aos-duration=\"700\">\n<h3 class=\"wp-block-heading has-text-align-center\"><strong>Telefony:<\/strong><\/h3>\n\n\n\n<p class=\"has-text-align-center has-large-font-size\"> <strong>33 488 00 28<\/strong><\/p>\n\n\n\n<p class=\"has-text-align-center has-large-font-size\"><strong>505 872 551<\/strong><\/p>\n\n\n\n<h3 class=\"wp-block-heading has-text-align-center\"><strong>Adres:<\/strong><\/h3>\n\n\n\n<p class=\"has-text-align-center\">Ul. Wyzwolenia 35, 43-365 Wilkowice<\/p>\n\n\n\n<h3 class=\"wp-block-heading has-text-align-center\"><strong>Email:<\/strong><\/h3>\n\n\n\n<p class=\"has-text-align-center\">biuro@wilbud.com<\/p>\n\n\n\n<h3 class=\"wp-block-heading has-text-align-center\"><strong>Godziny otwarcia:<\/strong><\/h3>\n\n\n\n<p class=\"has-text-align-center\">Poniedzia\u0142ek &#8211; Pi\u0105tek: 7:30 &#8211; 16:30<\/p>\n\n\n\n<p class=\"has-text-align-center\">Sobota: 7:00 &#8211; 13:00<\/p>\n\n\n\n<h3 class=\"wp-block-heading has-text-align-center\"><strong>NIP:<\/strong><\/h3>\n\n\n\n<p class=\"has-text-align-center\">9372375764<\/p>\n<\/div>\n\n\n\n<div class=\"wp-block-column is-layout-flow wp-block-column-is-layout-flow\" style=\"padding-top:var(--wp--preset--spacing--10);padding-right:var(--wp--preset--spacing--10);padding-bottom:var(--wp--preset--spacing--10);padding-left:var(--wp--preset--spacing--10)\">\n<p data-aos=\"slide-down\" data-aos-delay=\"300\" data-aos-duration=\"750\">Jeste\u015bmy dzia\u0142aj\u0105cym od wielu lat ska\u0142dem budowlanym, zlokalizowanym w Wilkowicach ko\u0142o Bielska-Bia\u0142ej. Posiadamy dobrze zaopatrzony sklep w niezb\u0119dne artyku\u0142y budowlane i remontowe. Na zakupione u nas towary \u015bwiadczymy us\u0142ugi transportowe.<\/p>\n\n\n\n<p data-aos=\"slide-left\" data-aos-delay=\"350\" data-aos-duration=\"750\">Mo\u017cna do nas dojecha\u0107 zje\u017cd\u017caj\u0105c z drogi ekspresowej S1 (Bielsko-Bia\u0142a-\u017bywiec) lub lokalnie od strony Bystrej lub Wilkowic. <\/p>\n\n\n\n<p data-aos=\"slide-up\" data-aos-delay=\"350\" data-aos-duration=\"1000\">Wjazd znajduje si\u0119 bezpo\u015brednio z ronda &#8211; z kt\u00f3rego jest widoczny nasz sklep. Zapraszamy.<\/p>\n\n\n\n<div data-aos-delay=\"200\" data-aos-duration=\"600\" data-aos=\"zoom-in\" class=\"wp-block-responsive-block-editor-addons-googlemap responsive-block-editor-addons-block-googlemap\"><div class=\"responsive-block-editor-addons-block-googlemap block-41319e4c-94ed-4544-ba3c-18c24ce1b0d3\"><iframe frameborder=\"0\" src=\"https:\/\/www.google.com\/maps?q=Ul.%20Wyzwolenia%2035%2C%2043-365%20Wilkowice&amp;output=embed&amp;z=11\"><\/iframe><\/div><\/div>\n<\/div>\n<\/div>\n","protected":false},"excerpt":{"rendered":"<p>Telefony: 33 488 00 28 505 872 551 Adres: Ul. Wyzwolenia 35, 43-365 Wilkowice Email: biuro@wilbud.com Godziny otwarcia: Poniedzia\u0142ek &#8211; Pi\u0105tek: 7:30 &#8211; 16:30 Sobota: 7:00 &#8211; 13:00 NIP: 9372375764 Jeste\u015bmy dzia\u0142aj\u0105cym od wielu lat ska\u0142dem budowlanym, zlokalizowanym w Wilkowicach ko\u0142o Bielska-Bia\u0142ej. Posiadamy dobrze zaopatrzony sklep w niezb\u0119dne artyku\u0142y budowlane i remontowe. Na zakupione u [&hellip;]<\/p>\n","protected":false},"author":1,"featured_media":0,"parent":0,"menu_order":0,"comment_status":"closed","ping_status":"closed","template":"","meta":{"_eb_attr":"","footnotes":""},"class_list":["post-133","page","type-page","status-publish","hentry"],"yoast_head":"<!-- This site is optimized with the Yoast SEO plugin v24.3 - https:\/\/yoast.com\/wordpress\/plugins\/seo\/ -->\n<title>KONTAKT - Wilbud Materia\u0142y budowlane i opa\u0142owe Tomasz Bachniak<\/title>\n<meta name=\"robots\" content=\"index, follow, max-snippet:-1, max-image-preview:large, max-video-preview:-1\" \/>\n<link rel=\"canonical\" href=\"https:\/\/wilbud.com\/?page_id=133\" \/>\n<meta property=\"og:locale\" content=\"pl_PL\" \/>\n<meta property=\"og:type\" content=\"article\" \/>\n<meta property=\"og:title\" content=\"KONTAKT - Wilbud Materia\u0142y budowlane i opa\u0142owe Tomasz Bachniak\" \/>\n<meta property=\"og:description\" content=\"Telefony: 33 488 00 28 505 872 551 Adres: Ul. Wyzwolenia 35, 43-365 Wilkowice Email: biuro@wilbud.com Godziny otwarcia: Poniedzia\u0142ek &#8211; Pi\u0105tek: 7:30 &#8211; 16:30 Sobota: 7:00 &#8211; 13:00 NIP: 9372375764 Jeste\u015bmy dzia\u0142aj\u0105cym od wielu lat ska\u0142dem budowlanym, zlokalizowanym w Wilkowicach ko\u0142o Bielska-Bia\u0142ej. Posiadamy dobrze zaopatrzony sklep w niezb\u0119dne artyku\u0142y budowlane i remontowe. Na zakupione u [&hellip;]\" \/>\n<meta property=\"og:url\" content=\"https:\/\/wilbud.com\/?page_id=133\" \/>\n<meta property=\"og:site_name\" content=\"Wilbud Materia\u0142y budowlane i opa\u0142owe Tomasz Bachniak\" \/>\n<meta property=\"article:modified_time\" content=\"2024-05-07T15:20:00+00:00\" \/>\n<meta name=\"twitter:card\" content=\"summary_large_image\" \/>\n<meta name=\"twitter:label1\" content=\"Szacowany czas czytania\" \/>\n\t<meta name=\"twitter:data1\" content=\"1 minuta\" \/>\n<script type=\"application\/ld+json\" class=\"yoast-schema-graph\">{\"@context\":\"https:\/\/schema.org\",\"@graph\":[{\"@type\":\"WebPage\",\"@id\":\"https:\/\/wilbud.com\/?page_id=133\",\"url\":\"https:\/\/wilbud.com\/?page_id=133\",\"name\":\"KONTAKT - Wilbud Materia\u0142y budowlane i opa\u0142owe Tomasz Bachniak\",\"isPartOf\":{\"@id\":\"https:\/\/wilbud.com\/#website\"},\"datePublished\":\"2024-04-30T13:16:05+00:00\",\"dateModified\":\"2024-05-07T15:20:00+00:00\",\"breadcrumb\":{\"@id\":\"https:\/\/wilbud.com\/?page_id=133#breadcrumb\"},\"inLanguage\":\"pl-PL\",\"potentialAction\":[{\"@type\":\"ReadAction\",\"target\":[\"https:\/\/wilbud.com\/?page_id=133\"]}]},{\"@type\":\"BreadcrumbList\",\"@id\":\"https:\/\/wilbud.com\/?page_id=133#breadcrumb\",\"itemListElement\":[{\"@type\":\"ListItem\",\"position\":1,\"name\":\"Strona g\u0142\u00f3wna\",\"item\":\"https:\/\/wilbud.com\/\"},{\"@type\":\"ListItem\",\"position\":2,\"name\":\"KONTAKT\"}]},{\"@type\":\"WebSite\",\"@id\":\"https:\/\/wilbud.com\/#website\",\"url\":\"https:\/\/wilbud.com\/\",\"name\":\"Wilbud Materia\u0142y budowlane i opa\u0142owe Tomasz Bachniak\",\"description\":\"Godziny otwarcia: Poniedzia\u0142ek - Pi\u0105tek: 7:30 - 16:00&lt;br&gt;Sobota: 7:30 - 13:00\",\"publisher\":{\"@id\":\"https:\/\/wilbud.com\/#organization\"},\"inLanguage\":\"pl-PL\"},{\"@type\":\"Organization\",\"@id\":\"https:\/\/wilbud.com\/#organization\",\"name\":\"Wilbud Materia\u0142y budowlane i opa\u0142owe Tomasz Bachniak\",\"url\":\"https:\/\/wilbud.com\/\",\"logo\":{\"@type\":\"ImageObject\",\"inLanguage\":\"pl-PL\",\"@id\":\"https:\/\/wilbud.com\/#\/schema\/logo\/image\/\",\"url\":\"https:\/\/wilbud.com\/wp-content\/uploads\/2024\/04\/wilbud_logo.png\",\"contentUrl\":\"https:\/\/wilbud.com\/wp-content\/uploads\/2024\/04\/wilbud_logo.png\",\"width\":353,\"height\":154,\"caption\":\"Wilbud Materia\u0142y budowlane i opa\u0142owe Tomasz Bachniak\"},\"image\":{\"@id\":\"https:\/\/wilbud.com\/#\/schema\/logo\/image\/\"}}]}<\/script>\n<!-- \/ Yoast SEO plugin. -->","yoast_head_json":{"title":"KONTAKT - Wilbud Materia\u0142y budowlane i opa\u0142owe Tomasz Bachniak","robots":{"index":"index","follow":"follow","max-snippet":"max-snippet:-1","max-image-preview":"max-image-preview:large","max-video-preview":"max-video-preview:-1"},"canonical":"https:\/\/wilbud.com\/?page_id=133","og_locale":"pl_PL","og_type":"article","og_title":"KONTAKT - Wilbud Materia\u0142y budowlane i opa\u0142owe Tomasz Bachniak","og_description":"Telefony: 33 488 00 28 505 872 551 Adres: Ul. Wyzwolenia 35, 43-365 Wilkowice Email: biuro@wilbud.com Godziny otwarcia: Poniedzia\u0142ek &#8211; Pi\u0105tek: 7:30 &#8211; 16:30 Sobota: 7:00 &#8211; 13:00 NIP: 9372375764 Jeste\u015bmy dzia\u0142aj\u0105cym od wielu lat ska\u0142dem budowlanym, zlokalizowanym w Wilkowicach ko\u0142o Bielska-Bia\u0142ej. Posiadamy dobrze zaopatrzony sklep w niezb\u0119dne artyku\u0142y budowlane i remontowe. Na zakupione u [&hellip;]","og_url":"https:\/\/wilbud.com\/?page_id=133","og_site_name":"Wilbud Materia\u0142y budowlane i opa\u0142owe Tomasz Bachniak","article_modified_time":"2024-05-07T15:20:00+00:00","twitter_card":"summary_large_image","twitter_misc":{"Szacowany czas czytania":"1 minuta"},"schema":{"@context":"https:\/\/schema.org","@graph":[{"@type":"WebPage","@id":"https:\/\/wilbud.com\/?page_id=133","url":"https:\/\/wilbud.com\/?page_id=133","name":"KONTAKT - Wilbud Materia\u0142y budowlane i opa\u0142owe Tomasz Bachniak","isPartOf":{"@id":"https:\/\/wilbud.com\/#website"},"datePublished":"2024-04-30T13:16:05+00:00","dateModified":"2024-05-07T15:20:00+00:00","breadcrumb":{"@id":"https:\/\/wilbud.com\/?page_id=133#breadcrumb"},"inLanguage":"pl-PL","potentialAction":[{"@type":"ReadAction","target":["https:\/\/wilbud.com\/?page_id=133"]}]},{"@type":"BreadcrumbList","@id":"https:\/\/wilbud.com\/?page_id=133#breadcrumb","itemListElement":[{"@type":"ListItem","position":1,"name":"Strona g\u0142\u00f3wna","item":"https:\/\/wilbud.com\/"},{"@type":"ListItem","position":2,"name":"KONTAKT"}]},{"@type":"WebSite","@id":"https:\/\/wilbud.com\/#website","url":"https:\/\/wilbud.com\/","name":"Wilbud Materia\u0142y budowlane i opa\u0142owe Tomasz Bachniak","description":"Godziny otwarcia: Poniedzia\u0142ek - Pi\u0105tek: 7:30 - 16:00&lt;br&gt;Sobota: 7:30 - 13:00","publisher":{"@id":"https:\/\/wilbud.com\/#organization"},"inLanguage":"pl-PL"},{"@type":"Organization","@id":"https:\/\/wilbud.com\/#organization","name":"Wilbud Materia\u0142y budowlane i opa\u0142owe Tomasz Bachniak","url":"https:\/\/wilbud.com\/","logo":{"@type":"ImageObject","inLanguage":"pl-PL","@id":"https:\/\/wilbud.com\/#\/schema\/logo\/image\/","url":"https:\/\/wilbud.com\/wp-content\/uploads\/2024\/04\/wilbud_logo.png","contentUrl":"https:\/\/wilbud.com\/wp-content\/uploads\/2024\/04\/wilbud_logo.png","width":353,"height":154,"caption":"Wilbud Materia\u0142y budowlane i opa\u0142owe Tomasz Bachniak"},"image":{"@id":"https:\/\/wilbud.com\/#\/schema\/logo\/image\/"}}]}},"featured_image_src":"","featured_image_src_square":false,"rbea_author_info":{"display_name":"adminwilbud","author_link":"https:\/\/wilbud.com\/?author=1"},"rbea_excerpt_info":"Telefony: 33 488 00 28 505 872 551 Adres: Ul. Wyzwolenia 35, 43-365 Wilkowice Email: biuro@wilbud.com Godziny otwarcia: Poniedzia\u0142ek &#8211; Pi\u0105tek: 7:30 &#8211; 16:30 Sobota: 7:00 &#8211; 13:00 NIP: 9372375764 Jeste\u015bmy dzia\u0142aj\u0105cym od wielu lat ska\u0142dem budowlanym, zlokalizowanym w Wilkowicach ko\u0142o Bielska-Bia\u0142ej. Posiadamy dobrze zaopatrzony sklep w niezb\u0119dne artyku\u0142y budowlane i remontowe. Na zakupione u [&hellip;]","_links":{"self":[{"href":"https:\/\/wilbud.com\/index.php?rest_route=\/wp\/v2\/pages\/133","targetHints":{"allow":["GET"]}}],"collection":[{"href":"https:\/\/wilbud.com\/index.php?rest_route=\/wp\/v2\/pages"}],"about":[{"href":"https:\/\/wilbud.com\/index.php?rest_route=\/wp\/v2\/types\/page"}],"author":[{"embeddable":true,"href":"https:\/\/wilbud.com\/index.php?rest_route=\/wp\/v2\/users\/1"}],"replies":[{"embeddable":true,"href":"https:\/\/wilbud.com\/index.php?rest_route=%2Fwp%2Fv2%2Fcomments&post=133"}],"version-history":[{"count":20,"href":"https:\/\/wilbud.com\/index.php?rest_route=\/wp\/v2\/pages\/133\/revisions"}],"predecessor-version":[{"id":582,"href":"https:\/\/wilbud.com\/index.php?rest_route=\/wp\/v2\/pages\/133\/revisions\/582"}],"wp:attachment":[{"href":"https:\/\/wilbud.com\/index.php?rest_route=%2Fwp%2Fv2%2Fmedia&parent=133"}],"curies":[{"name":"wp","href":"https:\/\/api.w.org\/{rel}","templated":true}]}}